nder when 34 is divided by (48/a)/((-24)/(-84))?
10
Suppose 3*g = -0*g - 31*g + 204. Suppose 5*f - 9 = 71. Calculate the remainder when f is divided by g.
4
Calculate the remainder when (-10 + (-450)/(-40))*328 is divided by 38.
30
What is the remainder when 205 is divided by -53 - -62 - (-83 - 1)?
19
Suppose 7*q + 5*q = 132. Suppose 2*p + 2*p + k - 213 = 0, -5*k + 181 = 3*p. What is the remainder when p is divided by q?
8
Suppose -3057 = -17*g + 9744. What is the remainder when g is divided by 28?
25
Suppose -4*f + 30 = -102. Suppose 5*w - 27 = f. Suppose 5*i + 15 = -2*y, 0 = -y - y + 5*i + 35. What is the remainder when w is divided by y?
2
Let q be (-2)/(-4) - ((-405)/(-2))/(-3). Let m = -36 - -22. Let a = m + q. Calculate the remainder when a is divided by 11.
10
Suppose 3*b = 353 + 31. Calculate the remainder when 255 is divided by b.
127
Let h(r) = 43*r - 52. Calculate the remainder when 169 is divided by h(2).
33
Calculate the remainder when 600 is divided by 25/(125/10) + 9.
6
Suppose u + 3*z - 14 = 0, -15 = -4*u + 2*z + 41. What is the remainder when 40 is divided by u?
12
Let v = 41 - 17. Calculate the remainder when 110 is divided by v.
14
Let k(h) = -h**3 - 28*h**2 - 7*h - 22. Calculate the remainder when k(-28) is divided by 61.
52
Suppose 17 = -q - 2*p + 52, -4*q + p = -104. Let o be -84 + -5 + (4 - 2). Let b = o + 94. Calculate the remainder when q is divided by b.
6
Let n(a) = -528*a + 555. Let b(v) = 33*v**2 + v. What is the remainder when b(-2) is divided by n(1)?
22
Suppose 0 = 5*t + 4*c + 8, 4*t - 4*c - 2 = 6. Let n(x) = 2 + t - 3 + 8*x + 0. What is the remainder when n(5) is divided by 10?
9
Let m(y) = -2*y + 62. Let a be 14/(-7) - (-20 - 0). Suppose -4*d = -5*c + 27 + 18, 0 = -4*c - 4*d + 36. Calculate the remainder when m(a) is divided by c.
8
Let h(o) = 27*o**2 - 2*o. Let f be h(-2). Suppose -f = c - 16. Let w = 139 + c. What is the remainder when w is divided by 15?
13
Let m(t) = -t**3 - 3*t**2 + 5*t - 7. Suppose -3*w - 3 = -4*k, 0*w - 2*w - 5*k = 25. Calculate the remainder when 34 is divided by m(w).
16
Suppose -11*j = -15*j + 5*d + 34, -12 = -3*j - 3*d. What is the remainder when 8 is divided by j?
2
Suppose a + 3*r - 82 = 0, -8*a + 4*a = -2*r - 300. Suppose -6*c + 140 = -a. What is the remainder when 105 is divided by c?
33
Let a(c) = -c**3 + 11*c**2 + 5. Let d be a(11). Let q be 4 + (2 - d)/3. Suppose 2*p + z = 58 - 3, 3*z = q. What is the remainder when 105 is divided by p?
24
Let a(j) = j**2 + 12*j + 15. Let d be a(-11). What is the remainder when d*(-6)/36 + (-1666)/(-6) is divided by 35?
32
Let u = 6 + -8. Let p = 5 + u. Suppose 0 = n - 91 - p. What is the remainder when n is divided by 24?
22
Let t = 404 - 369. What is the remainder when t is divided by 21?
14
Let c(g) = -g**2 + 1. Let i(m) = 3*m**2 + 2*m. Let w(l) = 4*c(l) + i(l). Calculate the remainder when 8 is divided by w(0).
0
Suppose 11*y - 56 = -2*n + 13*y, 4*y + 83 = 3*n. Let f(u) = -4*u**3 + 2*u**2 - 1. What is the remainder when n is divided by f(-1)?
4
What is the remainder when 558/8 + (2 - 21/12) is divided by 19?
13
Suppose 2*f + 0*f = 32. Suppose 0 = 10*w - 12*w + 18. What is the remainder when f is divided by w?
7
Let r = -748 + 815. Suppose -k - 2*k = -21. Calculate the remainder when r is divided by k.
4
Suppose -110 = -0*h + 5*h. Let f be ((-1)/(-2))/((-11)/h). Calculate the remainder when 21 is divided by (12/f - 1)/1.
10
Let u(r) = -r**3 - 11*r**2 - 9*r + 12. Let b be u(-10). Suppose -b*a + 540 = 10*a. Calculate the remainder when a is divided by 18.
9
Suppose 0 = -7*s + 159 + 184. What is the remainder when s is divided by 19?
11
Suppose -5 - 58 = -3*p. Suppose -14*h + p = -7*h. What is the remainder when 1/(-5) + 224/20 is divided by h?
2
Suppose -2*d - 1379 = -q, 1400 = 62*q - 61*q + 5*d. Calculate the remainder when q is divided by 63.
62
Let z(o) = -o**3 + 4*o**2 - 2*o - 22. What is the remainder when z(-5) is divided by 9?
6
What is the remainder when 8 is divided by (-8 + (-105)/(-10))*2?
3
Let q(l) = 5*l - 109. What is the remainder when q(28) is divided by 23?
8
Let k(x) = -x**3 - 25*x**2 + x + 32. Let c be k(-25). Suppose -h = -c*h + 54. Let f = 19 - -23. Calculate the remainder when f is divided by h.
6
Suppose 5*v - 230 = 295. Suppose -q - 4*q = v. What is the remainder when (-234)/(-10) - q/35 is divided by 13?
11
Let h = -5 + 11. Let f = -135 + 186. Let c = 66 - f. What is the remainder when c is divided by h?
3
Let h(f) = 76*f**2 - 2*f. Calculate the remainder when 887 is divided by h(1).
73
Suppose -2*p - p + 5*t + 29 = 0, 4*t + 12 = p. Let c be ((-8)/(-10))/(p/(-180)). What is the remainder when c/(-15)*(-30)/(-9) is divided by 3?
1
Let t be (-1 + (0 - -1))/3. Suppose 0 = 4*u - 5*d + 97, 3*d = -t*u + 3*u + 69. What is the remainder when 95 is divided by 4/u - (-872)/36?
23
Suppose -4*j + 66 = 1246. Calculate the remainder when 198 is divided by (-1)/6*-2 + j/(-15).
18
Suppose 0*n + 6*n = 108. Let k(l) = l - 2. Let r be k(3). Let s = n - r. What is the remainder when s is divided by 5?
2
Let q(f) = 14*f**2 - 3*f + 1. Suppose 3*g - 12 - 56 = x, 15 = -3*x. Calculate the remainder when g is divided by q(1).
9
Suppose -i + 376 - 368 = 0. Suppose 5*c - 6 + 31 = 3*g, g = 4*c + 27. Let h(p) = p**2 + 7*p - 2. Calculate the remainder when i is divided by h(c).
2
Suppose -3*x + 6*x + 35 = 2*t, -3*x - 45 = 3*t. Let q = x + 17. Calculate the remainder when (-18 + 7)/((-1)/q) is divided by 23.
21
Let t(k) = -12 - 4*k + 15*k**3 + 16*k**3 + 16*k**2 - 30*k**3. What is the remainder when 257 is divided by t(-16)?
49
Suppose -t - 1552 = 15*p - 17*p, -3866 = -5*p - t. Calculate the remainder when p is divided by 31.
30
Suppose 2*r - 2*b - 70 = 0, -b + 55 = 2*r - 0*b. Let y = 227 + -216. Calculate the remainder when r is divided by y.
8
Suppose 0*u - u + 9 = -2*n, 5*u = -5*n + 120. Calculate the remainder when u is divided by 9 - 3/(3 - 0).
3
Let f(o) = -o**3 - 8*o**2 - 12*o - 9. Let u be f(-7). Suppose 16*p = 14*p + u. Let z = 103 + -53. Calculate the remainder when z is divided by p.
11
Suppose -4*x = -42 + 6. Let y be -4*(21/(-6))/7. Suppose -n + 32 = -5*p - 13, y*n - 30 = -5*p. Calculate the remainder when n is divided by x.
7
Let j(z) = 3*z**2 - 6*z - 7. Let s be j(3). Suppose f - 5*r = 81, s*r - 483 = -5*f + r. What is the remainder when f is divided by 33?
30
Suppose 4*i + 0*z + 4*z = 364, -i - 3*z = -99. Suppose -2*t - i = -3*w + t, 0 = -3*w - 2*t + 87. What is the remainder when 143 is divided by w?
27
Suppose 3*s - 3265 = -4*j, -5*j + 527 = 4*s - 3555. Calculate the remainder when j is divided by 8.
6
Let y = -96 - -63. Let k = 58 + y. Calculate the remainder when 47 is divided by k.
22
Let f be -14 + (2 - -1 - 3). What is the remainder when -5 + (1 - -1) + (15 - f) is divided by 7?
5
Suppose 5*m - 3*g - 25 = 2*g, -8 = 2*g. Calculate the remainder when 62 is divided by (15 + -2)/(2 - m).
10
Let y(v) = -65*v + 418. What is the remainder when y(4) is divided by 49?
11
Let y be (-4 - -1)/((-4)/260). Let r = y - 115. Suppose -4*i + r = i. What is the remainder when i is divided by 9?
7
What is the remainder when (9/(252/(-35)))/(3/(-132)) is divided by 3?
1
Suppose 5*x = -4*i + 8 - 3, 5*x - 3*i - 5 = 0. Let f = x - 1. Suppose f = -s - 3*s + 64. Calculate the remainder when s is divided by 10.
6
Calculate the remainder when 748 is divided by ((-9)/2)/((-63)/420).
28
Let c(h) = -3*h**2 + 78*h + 30. Let g(a) = a**2 - 26*a - 10. Let n(x) = 4*c(x) + 11*g(x). Calculate the remainder when n(24) is divided by 31.
27
Suppose 14*l = 84 + 168. Calculate the remainder when 503 is divided by l.
17
Suppose 14*i - 599 = 185. What is the remainder when 107 is divided by i?
51
Suppose -4*b = -5*m + 204, -4*m - 4*b + 125 + 67 = 0. Let n = -33 + m. Calculate the remainder when 31 is divided by n.
9
Let x(r) = -9*r - 30. Let h(a) = -26*a - 90. Let j(n) = -6*h(n) + 17*x(n). Calculate the remainder when 25 is divided by j(-7).
7
Let i = -1842 + 1268. Let w = i - -814. Calculate the remainder when 23 is divided by w/42 + (-4)/(-14).
5
Let s = 37 + -3. Calculate the remainder when s is divided by 6/(-2 - 10/(-4)).
10
Let m(r) = -r**3 - r**2 - 10*r - 11. Let g be m(-6). Let o = -111 + g. Suppose -4*z + 120 = -0*z. What is the remainder when o is divided 